{"id":30,"date":"2023-10-28T23:05:24","date_gmt":"2023-10-28T20:05:24","guid":{"rendered":"http:\/\/www.bygago.com\/m\/home\/"},"modified":"2024-06-01T23:21:22","modified_gmt":"2024-06-01T20:21:22","slug":"anasayfa","status":"publish","type":"page","link":"https:\/\/www.bygago.com\/m\/","title":{"rendered":"Anasayfa"},"content":{"rendered":"<div data-block-name=\"woocommerce\/product-new\" class=\"wc-block-grid wp-block-product-new wp-block-woocommerce-product-new wc-block-product-new has-3-columns has-multiple-rows\"><ul class=\"wc-block-grid__products\"><li class=\"wc-block-grid__product\">\n\t\t\t\t<a href=\"https:\/\/www.bygago.com\/m\/urun\/necixs-luzern-kiz-bebek-badi\/\" class=\"wc-block-grid__product-link\">\n\t\t\t\t\t\n\t\t\t\t\t<div class=\"wc-block-grid__product-image\"><img loading=\"lazy\" decoding=\"async\" width=\"300\" height=\"300\" src=\"https:\/\/www.bygago.com\/m\/wp-content\/uploads\/2024\/07\/1000083611-300x300.jpg\" class=\"attachment-woocommerce_thumbnail size-woocommerce_thumbnail\" alt=\"Necix&#039;s Luzern K\u0131z Bebek Badi\" srcset=\"https:\/\/www.bygago.com\/m\/wp-content\/uploads\/2024\/07\/1000083611-300x300.jpg 300w, https:\/\/www.bygago.com\/m\/wp-content\/uploads\/2024\/07\/1000083611-1024x1024.jpg 1024w, https:\/\/www.bygago.com\/m\/wp-content\/uploads\/2024\/07\/1000083611-150x150.jpg 150w, https:\/\/www.bygago.com\/m\/wp-content\/uploads\/2024\/07\/1000083611-768x768.jpg 768w, https:\/\/www.bygago.com\/m\/wp-content\/uploads\/2024\/07\/1000083611-1536x1536.jpg 1536w, https:\/\/www.bygago.com\/m\/wp-content\/uploads\/2024\/07\/1000083611-1320x1320.jpg 1320w, https:\/\/www.bygago.com\/m\/wp-content\/uploads\/2024\/07\/1000083611-600x600.jpg 600w, https:\/\/www.bygago.com\/m\/wp-content\/uploads\/2024\/07\/1000083611-100x100.jpg 100w, https:\/\/www.bygago.com\/m\/wp-content\/uploads\/2024\/07\/1000083611.jpg 2020w\" sizes=\"(max-width: 300px) 100vw, 300px\" \/><\/div>\n\t\t\t\t\t<div class=\"wc-block-grid__product-title\">Necix&#8217;s Luzern K\u0131z Bebek Badi<\/div>\n\t\t\t\t<\/a>\n\t\t\t\t<div class=\"wc-block-grid__product-price price\"><span class=\"woocommerce-Price-amount amount\"><span class=\"woocommerce-Price-currencySymbol\">&#8378;<\/span>182,00<\/span> <small class=\"woocommerce-price-suffix\">KDV Dahil<\/small><\/div>\n\t\t\t\t\n\t\t\t\t<div class=\"wp-block-button wc-block-grid__product-add-to-cart\"><a href=\"https:\/\/www.bygago.com\/m\/urun\/necixs-luzern-kiz-bebek-badi\/\" aria-label=\"&ldquo;Necix&#039;s Luzern K\u0131z Bebek Badi&rdquo; i\u00e7in se\u00e7enekleri se\u00e7in\" data-quantity=\"1\" data-product_id=\"1199\" data-product_sku=\"\" data-price=\"182\" rel=\"nofollow\" class=\"wp-block-button__link  add_to_cart_button\">Se\u00e7enekler<\/a><\/div>\n\t\t\t<\/li><li class=\"wc-block-grid__product\">\n\t\t\t\t<a href=\"https:\/\/www.bygago.com\/m\/urun\/necixs-elista-tek-boy-badi-3lu-set\/\" class=\"wc-block-grid__product-link\">\n\t\t\t\t\t\n\t\t\t\t\t<div class=\"wc-block-grid__product-image\"><img loading=\"lazy\" decoding=\"async\" width=\"300\" height=\"300\" src=\"https:\/\/www.bygago.com\/m\/wp-content\/uploads\/2024\/07\/1000083612-300x300.jpg\" class=\"attachment-woocommerce_thumbnail size-woocommerce_thumbnail\" alt=\"Necix&#039;s Elista Tek Boy Badi 3l\u00fc Set\" srcset=\"https:\/\/www.bygago.com\/m\/wp-content\/uploads\/2024\/07\/1000083612-300x300.jpg 300w, https:\/\/www.bygago.com\/m\/wp-content\/uploads\/2024\/07\/1000083612-1024x1024.jpg 1024w, https:\/\/www.bygago.com\/m\/wp-content\/uploads\/2024\/07\/1000083612-150x150.jpg 150w, https:\/\/www.bygago.com\/m\/wp-content\/uploads\/2024\/07\/1000083612-768x768.jpg 768w, https:\/\/www.bygago.com\/m\/wp-content\/uploads\/2024\/07\/1000083612-1536x1536.jpg 1536w, https:\/\/www.bygago.com\/m\/wp-content\/uploads\/2024\/07\/1000083612-1320x1320.jpg 1320w, https:\/\/www.bygago.com\/m\/wp-content\/uploads\/2024\/07\/1000083612-600x600.jpg 600w, https:\/\/www.bygago.com\/m\/wp-content\/uploads\/2024\/07\/1000083612-100x100.jpg 100w, https:\/\/www.bygago.com\/m\/wp-content\/uploads\/2024\/07\/1000083612.jpg 1999w\" sizes=\"(max-width: 300px) 100vw, 300px\" \/><\/div>\n\t\t\t\t\t<div class=\"wc-block-grid__product-title\">Necix&#8217;s Elista Tek Boy Badi 3l\u00fc Set<\/div>\n\t\t\t\t<\/a>\n\t\t\t\t<div class=\"wc-block-grid__product-price price\"><span class=\"woocommerce-Price-amount amount\"><span class=\"woocommerce-Price-currencySymbol\">&#8378;<\/span>512,00<\/span> <small class=\"woocommerce-price-suffix\">KDV Dahil<\/small><\/div>\n\t\t\t\t\n\t\t\t\t<div class=\"wp-block-button wc-block-grid__product-add-to-cart\"><a href=\"https:\/\/www.bygago.com\/m\/urun\/necixs-elista-tek-boy-badi-3lu-set\/\" aria-label=\"&ldquo;Necix&#039;s Elista Tek Boy Badi 3l\u00fc Set&rdquo; i\u00e7in se\u00e7enekleri se\u00e7in\" data-quantity=\"1\" data-product_id=\"1195\" data-product_sku=\"\" data-price=\"512\" rel=\"nofollow\" class=\"wp-block-button__link  add_to_cart_button\">Se\u00e7enekler<\/a><\/div>\n\t\t\t<\/li><li class=\"wc-block-grid__product\">\n\t\t\t\t<a href=\"https:\/\/www.bygago.com\/m\/urun\/necixs-melilla-atletli-sortlu-2li-takim\/\" class=\"wc-block-grid__product-link\">\n\t\t\t\t\t\n\t\t\t\t\t<div class=\"wc-block-grid__product-image\"><img loading=\"lazy\" decoding=\"async\" width=\"300\" height=\"300\" src=\"https:\/\/www.bygago.com\/m\/wp-content\/uploads\/2024\/07\/1000083617-300x300.jpg\" class=\"attachment-woocommerce_thumbnail size-woocommerce_thumbnail\" alt=\"Necix&#039;s Melilla Atletli \u015eortlu 2li Tak\u0131m\" srcset=\"https:\/\/www.bygago.com\/m\/wp-content\/uploads\/2024\/07\/1000083617-300x300.jpg 300w, https:\/\/www.bygago.com\/m\/wp-content\/uploads\/2024\/07\/1000083617-1024x1024.jpg 1024w, https:\/\/www.bygago.com\/m\/wp-content\/uploads\/2024\/07\/1000083617-150x150.jpg 150w, https:\/\/www.bygago.com\/m\/wp-content\/uploads\/2024\/07\/1000083617-768x768.jpg 768w, https:\/\/www.bygago.com\/m\/wp-content\/uploads\/2024\/07\/1000083617-1536x1536.jpg 1536w, https:\/\/www.bygago.com\/m\/wp-content\/uploads\/2024\/07\/1000083617-1320x1320.jpg 1320w, https:\/\/www.bygago.com\/m\/wp-content\/uploads\/2024\/07\/1000083617-600x600.jpg 600w, https:\/\/www.bygago.com\/m\/wp-content\/uploads\/2024\/07\/1000083617-100x100.jpg 100w, https:\/\/www.bygago.com\/m\/wp-content\/uploads\/2024\/07\/1000083617.jpg 1999w\" sizes=\"(max-width: 300px) 100vw, 300px\" \/><\/div>\n\t\t\t\t\t<div class=\"wc-block-grid__product-title\">Necix&#8217;s Melilla Atletli \u015eortlu 2li Tak\u0131m<\/div>\n\t\t\t\t<\/a>\n\t\t\t\t<div class=\"wc-block-grid__product-price price\"><span class=\"woocommerce-Price-amount amount\"><span class=\"woocommerce-Price-currencySymbol\">&#8378;<\/span>354,00<\/span> <small class=\"woocommerce-price-suffix\">KDV Dahil<\/small><\/div>\n\t\t\t\t\n\t\t\t\t<div class=\"wp-block-button wc-block-grid__product-add-to-cart\"><a href=\"https:\/\/www.bygago.com\/m\/urun\/necixs-melilla-atletli-sortlu-2li-takim\/\" aria-label=\"&ldquo;Necix&#039;s Melilla Atletli \u015eortlu 2li Tak\u0131m&rdquo; i\u00e7in se\u00e7enekleri se\u00e7in\" data-quantity=\"1\" data-product_id=\"1185\" data-product_sku=\"\" data-price=\"354\" rel=\"nofollow\" class=\"wp-block-button__link  add_to_cart_button\">Se\u00e7enekler<\/a><\/div>\n\t\t\t<\/li><li class=\"wc-block-grid__product\">\n\t\t\t\t<a href=\"https:\/\/www.bygago.com\/m\/urun\/necixs-muslin-bebek-tulum\/\" class=\"wc-block-grid__product-link\">\n\t\t\t\t\t\n\t\t\t\t\t<div class=\"wc-block-grid__product-image\"><img loading=\"lazy\" decoding=\"async\" width=\"300\" height=\"300\" src=\"https:\/\/www.bygago.com\/m\/wp-content\/uploads\/2024\/07\/1000083618-300x300.jpg\" class=\"attachment-woocommerce_thumbnail size-woocommerce_thumbnail\" alt=\"Necix&#039;s M\u00fcslin Bebek Tulum\" srcset=\"https:\/\/www.bygago.com\/m\/wp-content\/uploads\/2024\/07\/1000083618-300x300.jpg 300w, https:\/\/www.bygago.com\/m\/wp-content\/uploads\/2024\/07\/1000083618-1024x1024.jpg 1024w, https:\/\/www.bygago.com\/m\/wp-content\/uploads\/2024\/07\/1000083618-150x150.jpg 150w, https:\/\/www.bygago.com\/m\/wp-content\/uploads\/2024\/07\/1000083618-768x768.jpg 768w, https:\/\/www.bygago.com\/m\/wp-content\/uploads\/2024\/07\/1000083618-1536x1536.jpg 1536w, https:\/\/www.bygago.com\/m\/wp-content\/uploads\/2024\/07\/1000083618-1320x1320.jpg 1320w, https:\/\/www.bygago.com\/m\/wp-content\/uploads\/2024\/07\/1000083618-600x600.jpg 600w, https:\/\/www.bygago.com\/m\/wp-content\/uploads\/2024\/07\/1000083618-100x100.jpg 100w, https:\/\/www.bygago.com\/m\/wp-content\/uploads\/2024\/07\/1000083618.jpg 2000w\" sizes=\"(max-width: 300px) 100vw, 300px\" \/><\/div>\n\t\t\t\t\t<div class=\"wc-block-grid__product-title\">Necix&#8217;s M\u00fcslin Bebek Tulum<\/div>\n\t\t\t\t<\/a>\n\t\t\t\t<div class=\"wc-block-grid__product-price price\"><span class=\"woocommerce-Price-amount amount\"><span class=\"woocommerce-Price-currencySymbol\">&#8378;<\/span>685,00<\/span> <small class=\"woocommerce-price-suffix\">KDV Dahil<\/small><\/div>\n\t\t\t\t\n\t\t\t\t<div class=\"wp-block-button wc-block-grid__product-add-to-cart\"><a href=\"https:\/\/www.bygago.com\/m\/urun\/necixs-muslin-bebek-tulum\/\" aria-label=\"&ldquo;Necix&#039;s M\u00fcslin Bebek Tulum&rdquo; i\u00e7in se\u00e7enekleri se\u00e7in\" data-quantity=\"1\" data-product_id=\"1180\" data-product_sku=\"\" data-price=\"685\" rel=\"nofollow\" class=\"wp-block-button__link  add_to_cart_button\">Se\u00e7enekler<\/a><\/div>\n\t\t\t<\/li><li class=\"wc-block-grid__product\">\n\t\t\t\t<a href=\"https:\/\/www.bygago.com\/m\/urun\/necixs-eliot-2li-takim\/\" class=\"wc-block-grid__product-link\">\n\t\t\t\t\t\n\t\t\t\t\t<div class=\"wc-block-grid__product-image\"><img loading=\"lazy\" decoding=\"async\" width=\"300\" height=\"300\" src=\"https:\/\/www.bygago.com\/m\/wp-content\/uploads\/2024\/07\/1000083602-300x300.jpg\" class=\"attachment-woocommerce_thumbnail size-woocommerce_thumbnail\" alt=\"Necix&#039;s Eliot 2li Tak\u0131m\" srcset=\"https:\/\/www.bygago.com\/m\/wp-content\/uploads\/2024\/07\/1000083602-300x300.jpg 300w, https:\/\/www.bygago.com\/m\/wp-content\/uploads\/2024\/07\/1000083602-1024x1024.jpg 1024w, https:\/\/www.bygago.com\/m\/wp-content\/uploads\/2024\/07\/1000083602-150x150.jpg 150w, https:\/\/www.bygago.com\/m\/wp-content\/uploads\/2024\/07\/1000083602-768x768.jpg 768w, https:\/\/www.bygago.com\/m\/wp-content\/uploads\/2024\/07\/1000083602-1536x1536.jpg 1536w, https:\/\/www.bygago.com\/m\/wp-content\/uploads\/2024\/07\/1000083602-1320x1320.jpg 1320w, https:\/\/www.bygago.com\/m\/wp-content\/uploads\/2024\/07\/1000083602-600x600.jpg 600w, https:\/\/www.bygago.com\/m\/wp-content\/uploads\/2024\/07\/1000083602-100x100.jpg 100w, https:\/\/www.bygago.com\/m\/wp-content\/uploads\/2024\/07\/1000083602.jpg 2000w\" sizes=\"(max-width: 300px) 100vw, 300px\" \/><\/div>\n\t\t\t\t\t<div class=\"wc-block-grid__product-title\">Necix&#8217;s Eliot 2li Tak\u0131m<\/div>\n\t\t\t\t<\/a>\n\t\t\t\t<div class=\"wc-block-grid__product-price price\"><span class=\"woocommerce-Price-amount amount\"><span class=\"woocommerce-Price-currencySymbol\">&#8378;<\/span>572,00<\/span> <small class=\"woocommerce-price-suffix\">KDV Dahil<\/small><\/div>\n\t\t\t\t\n\t\t\t\t<div class=\"wp-block-button wc-block-grid__product-add-to-cart\"><a href=\"https:\/\/www.bygago.com\/m\/urun\/necixs-eliot-2li-takim\/\" aria-label=\"&ldquo;Necix&#039;s Eliot 2li Tak\u0131m&rdquo; i\u00e7in se\u00e7enekleri se\u00e7in\" data-quantity=\"1\" data-product_id=\"1174\" data-product_sku=\"\" data-price=\"572\" rel=\"nofollow\" class=\"wp-block-button__link  add_to_cart_button\">Se\u00e7enekler<\/a><\/div>\n\t\t\t<\/li><li class=\"wc-block-grid__product\">\n\t\t\t\t<a href=\"https:\/\/www.bygago.com\/m\/urun\/necixs-saint-louis-elbise-2\/\" class=\"wc-block-grid__product-link\">\n\t\t\t\t\t\n\t\t\t\t\t<div class=\"wc-block-grid__product-image\"><img loading=\"lazy\" decoding=\"async\" width=\"300\" height=\"300\" src=\"https:\/\/www.bygago.com\/m\/wp-content\/uploads\/2024\/07\/1000083601-300x300.jpg\" class=\"attachment-woocommerce_thumbnail size-woocommerce_thumbnail\" alt=\"Necix&#039;s Saint Louis Elbise\" srcset=\"https:\/\/www.bygago.com\/m\/wp-content\/uploads\/2024\/07\/1000083601-300x300.jpg 300w, https:\/\/www.bygago.com\/m\/wp-content\/uploads\/2024\/07\/1000083601-1024x1024.jpg 1024w, https:\/\/www.bygago.com\/m\/wp-content\/uploads\/2024\/07\/1000083601-150x150.jpg 150w, https:\/\/www.bygago.com\/m\/wp-content\/uploads\/2024\/07\/1000083601-768x768.jpg 768w, https:\/\/www.bygago.com\/m\/wp-content\/uploads\/2024\/07\/1000083601-1536x1536.jpg 1536w, https:\/\/www.bygago.com\/m\/wp-content\/uploads\/2024\/07\/1000083601-1320x1320.jpg 1320w, https:\/\/www.bygago.com\/m\/wp-content\/uploads\/2024\/07\/1000083601-600x600.jpg 600w, https:\/\/www.bygago.com\/m\/wp-content\/uploads\/2024\/07\/1000083601-100x100.jpg 100w, https:\/\/www.bygago.com\/m\/wp-content\/uploads\/2024\/07\/1000083601.jpg 2000w\" sizes=\"(max-width: 300px) 100vw, 300px\" \/><\/div>\n\t\t\t\t\t<div class=\"wc-block-grid__product-title\">Necix&#8217;s Saint Louis Elbise<\/div>\n\t\t\t\t<\/a>\n\t\t\t\t<div class=\"wc-block-grid__product-price price\"><span class=\"woocommerce-Price-amount amount\"><span class=\"woocommerce-Price-currencySymbol\">&#8378;<\/span>382,00<\/span> <small class=\"woocommerce-price-suffix\">KDV Dahil<\/small><\/div>\n\t\t\t\t\n\t\t\t\t<div class=\"wp-block-button wc-block-grid__product-add-to-cart\"><a href=\"https:\/\/www.bygago.com\/m\/urun\/necixs-saint-louis-elbise-2\/\" aria-label=\"&ldquo;Necix&#039;s Saint Louis Elbise&rdquo; i\u00e7in se\u00e7enekleri se\u00e7in\" data-quantity=\"1\" data-product_id=\"1166\" data-product_sku=\"\" data-price=\"382\" rel=\"nofollow\" class=\"wp-block-button__link  add_to_cart_button\">Se\u00e7enekler<\/a><\/div>\n\t\t\t<\/li><li class=\"wc-block-grid__product\">\n\t\t\t\t<a href=\"https:\/\/www.bygago.com\/m\/urun\/necixs-saint-louis-elbise\/\" class=\"wc-block-grid__product-link\">\n\t\t\t\t\t\n\t\t\t\t\t<div class=\"wc-block-grid__product-image\"><img loading=\"lazy\" decoding=\"async\" width=\"300\" height=\"300\" src=\"https:\/\/www.bygago.com\/m\/wp-content\/uploads\/2024\/07\/1000083598-300x300.jpg\" class=\"attachment-woocommerce_thumbnail size-woocommerce_thumbnail\" alt=\"Necix&#039;s Saint Louis Elbise\" srcset=\"https:\/\/www.bygago.com\/m\/wp-content\/uploads\/2024\/07\/1000083598-300x300.jpg 300w, https:\/\/www.bygago.com\/m\/wp-content\/uploads\/2024\/07\/1000083598-1024x1024.jpg 1024w, https:\/\/www.bygago.com\/m\/wp-content\/uploads\/2024\/07\/1000083598-150x150.jpg 150w, https:\/\/www.bygago.com\/m\/wp-content\/uploads\/2024\/07\/1000083598-768x768.jpg 768w, https:\/\/www.bygago.com\/m\/wp-content\/uploads\/2024\/07\/1000083598-1536x1536.jpg 1536w, https:\/\/www.bygago.com\/m\/wp-content\/uploads\/2024\/07\/1000083598-1320x1320.jpg 1320w, https:\/\/www.bygago.com\/m\/wp-content\/uploads\/2024\/07\/1000083598-600x600.jpg 600w, https:\/\/www.bygago.com\/m\/wp-content\/uploads\/2024\/07\/1000083598-100x100.jpg 100w, https:\/\/www.bygago.com\/m\/wp-content\/uploads\/2024\/07\/1000083598.jpg 1999w\" sizes=\"(max-width: 300px) 100vw, 300px\" \/><\/div>\n\t\t\t\t\t<div class=\"wc-block-grid__product-title\">Necix&#8217;s Saint Louis Elbise<\/div>\n\t\t\t\t<\/a>\n\t\t\t\t<div class=\"wc-block-grid__product-price price\"><span class=\"woocommerce-Price-amount amount\"><span class=\"woocommerce-Price-currencySymbol\">&#8378;<\/span>382,00<\/span> <small class=\"woocommerce-price-suffix\">KDV Dahil<\/small><\/div>\n\t\t\t\t\n\t\t\t\t<div class=\"wp-block-button wc-block-grid__product-add-to-cart\"><a href=\"https:\/\/www.bygago.com\/m\/urun\/necixs-saint-louis-elbise\/\" aria-label=\"&ldquo;Necix&#039;s Saint Louis Elbise&rdquo; i\u00e7in se\u00e7enekleri se\u00e7in\" data-quantity=\"1\" data-product_id=\"1160\" data-product_sku=\"\" data-price=\"382\" rel=\"nofollow\" class=\"wp-block-button__link  add_to_cart_button\">Se\u00e7enekler<\/a><\/div>\n\t\t\t<\/li><li class=\"wc-block-grid__product\">\n\t\t\t\t<a href=\"https:\/\/www.bygago.com\/m\/urun\/necixs-rakanda-yelekli-2li-takim-2\/\" class=\"wc-block-grid__product-link\">\n\t\t\t\t\t\n\t\t\t\t\t<div class=\"wc-block-grid__product-image\"><img loading=\"lazy\" decoding=\"async\" width=\"300\" height=\"300\" src=\"https:\/\/www.bygago.com\/m\/wp-content\/uploads\/2024\/07\/1000083596-1-300x300.jpg\" class=\"attachment-woocommerce_thumbnail size-woocommerce_thumbnail\" alt=\"Necix&#039;s Rakanda Yelekli 2li Tak\u0131m\" srcset=\"https:\/\/www.bygago.com\/m\/wp-content\/uploads\/2024\/07\/1000083596-1-300x300.jpg 300w, https:\/\/www.bygago.com\/m\/wp-content\/uploads\/2024\/07\/1000083596-1-1024x1024.jpg 1024w, https:\/\/www.bygago.com\/m\/wp-content\/uploads\/2024\/07\/1000083596-1-150x150.jpg 150w, https:\/\/www.bygago.com\/m\/wp-content\/uploads\/2024\/07\/1000083596-1-768x768.jpg 768w, https:\/\/www.bygago.com\/m\/wp-content\/uploads\/2024\/07\/1000083596-1-1536x1536.jpg 1536w, https:\/\/www.bygago.com\/m\/wp-content\/uploads\/2024\/07\/1000083596-1-1320x1320.jpg 1320w, https:\/\/www.bygago.com\/m\/wp-content\/uploads\/2024\/07\/1000083596-1-600x600.jpg 600w, https:\/\/www.bygago.com\/m\/wp-content\/uploads\/2024\/07\/1000083596-1-100x100.jpg 100w, https:\/\/www.bygago.com\/m\/wp-content\/uploads\/2024\/07\/1000083596-1.jpg 2000w\" sizes=\"(max-width: 300px) 100vw, 300px\" \/><\/div>\n\t\t\t\t\t<div class=\"wc-block-grid__product-title\">Necix&#8217;s Rakanda Yelekli 2li Tak\u0131m<\/div>\n\t\t\t\t<\/a>\n\t\t\t\t<div class=\"wc-block-grid__product-price price\"><span class=\"woocommerce-Price-amount amount\"><span class=\"woocommerce-Price-currencySymbol\">&#8378;<\/span>754,00<\/span> <small class=\"woocommerce-price-suffix\">KDV Dahil<\/small><\/div>\n\t\t\t\t\n\t\t\t\t<div class=\"wp-block-button wc-block-grid__product-add-to-cart\"><a href=\"https:\/\/www.bygago.com\/m\/urun\/necixs-rakanda-yelekli-2li-takim-2\/\" aria-label=\"&ldquo;Necix&#039;s Rakanda Yelekli 2li Tak\u0131m&rdquo; i\u00e7in se\u00e7enekleri se\u00e7in\" data-quantity=\"1\" data-product_id=\"1152\" data-product_sku=\"\" data-price=\"754\" rel=\"nofollow\" class=\"wp-block-button__link  add_to_cart_button\">Se\u00e7enekler<\/a><\/div>\n\t\t\t<\/li><li class=\"wc-block-grid__product\">\n\t\t\t\t<a href=\"https:\/\/www.bygago.com\/m\/urun\/necixs-rakanda-yelekli-2li-takim\/\" class=\"wc-block-grid__product-link\">\n\t\t\t\t\t\n\t\t\t\t\t<div class=\"wc-block-grid__product-image\"><img loading=\"lazy\" decoding=\"async\" width=\"300\" height=\"300\" src=\"https:\/\/www.bygago.com\/m\/wp-content\/uploads\/2024\/07\/1000083594-1-300x300.jpg\" class=\"attachment-woocommerce_thumbnail size-woocommerce_thumbnail\" alt=\"Necix&#039;s Rakanda Yelekli 2li Tak\u0131m\" srcset=\"https:\/\/www.bygago.com\/m\/wp-content\/uploads\/2024\/07\/1000083594-1-300x300.jpg 300w, https:\/\/www.bygago.com\/m\/wp-content\/uploads\/2024\/07\/1000083594-1-1024x1024.jpg 1024w, https:\/\/www.bygago.com\/m\/wp-content\/uploads\/2024\/07\/1000083594-1-150x150.jpg 150w, https:\/\/www.bygago.com\/m\/wp-content\/uploads\/2024\/07\/1000083594-1-768x768.jpg 768w, https:\/\/www.bygago.com\/m\/wp-content\/uploads\/2024\/07\/1000083594-1-1536x1536.jpg 1536w, https:\/\/www.bygago.com\/m\/wp-content\/uploads\/2024\/07\/1000083594-1-1320x1320.jpg 1320w, https:\/\/www.bygago.com\/m\/wp-content\/uploads\/2024\/07\/1000083594-1-600x600.jpg 600w, https:\/\/www.bygago.com\/m\/wp-content\/uploads\/2024\/07\/1000083594-1-100x100.jpg 100w, https:\/\/www.bygago.com\/m\/wp-content\/uploads\/2024\/07\/1000083594-1.jpg 2000w\" sizes=\"(max-width: 300px) 100vw, 300px\" \/><\/div>\n\t\t\t\t\t<div class=\"wc-block-grid__product-title\">Necix&#8217;s Rakanda Yelekli 2li Tak\u0131m<\/div>\n\t\t\t\t<\/a>\n\t\t\t\t<div class=\"wc-block-grid__product-price price\"><span class=\"woocommerce-Price-amount amount\"><span class=\"woocommerce-Price-currencySymbol\">&#8378;<\/span>754,00<\/span> <small class=\"woocommerce-price-suffix\">KDV Dahil<\/small><\/div>\n\t\t\t\t\n\t\t\t\t<div class=\"wp-block-button wc-block-grid__product-add-to-cart\"><a href=\"https:\/\/www.bygago.com\/m\/urun\/necixs-rakanda-yelekli-2li-takim\/\" aria-label=\"&ldquo;Necix&#039;s Rakanda Yelekli 2li Tak\u0131m&rdquo; i\u00e7in se\u00e7enekleri se\u00e7in\" data-quantity=\"1\" data-product_id=\"1145\" data-product_sku=\"\" data-price=\"754\" rel=\"nofollow\" class=\"wp-block-button__link  add_to_cart_button\">Se\u00e7enekler<\/a><\/div>\n\t\t\t<\/li><\/ul><\/div><div data-block-name=\"woocommerce\/featured-product\" data-edit-mode=\"false\" data-product-id=\"887\" class=\"wc-block-featured-product alignnone has-background-dim wp-block-woocommerce-featured-product\" style=\"min-height:500px;\"><div class=\"wc-block-featured-product__wrapper\"><div class=\"background-dim__overlay\" style=\"background-color: #000000\"><\/div><img decoding=\"async\" alt=\"Necix&#039;s Keten Erkek Bebek 2li Tak\u0131m\" class=\"wc-block-featured-product__background-image\" src=\"https:\/\/www.bygago.com\/m\/wp-content\/uploads\/2024\/05\/1000077250-1024x1024.jpg\" style=\"object-fit: none;object-position: 50% 50%;\" \/><h2 class=\"wc-block-featured-product__title\">Necix&#8217;s Keten Erkek Bebek 2li Tak\u0131m<\/h2><div class=\"wc-block-featured-product__description\"><p>Necix&#8217;s Keten Erkek Bebek 2li Tak\u0131m<\/p>\n<\/div><div class=\"wc-block-featured-product__price\"><span class=\"woocommerce-Price-amount amount\"><span class=\"woocommerce-Price-currencySymbol\">&#8378;<\/span>479,00<\/span> <small class=\"woocommerce-price-suffix\">KDV Dahil<\/small><\/div><div class=\"wc-block-featured-product__link\">\n<div class=\"wp-block-buttons is-content-justification-center is-layout-flex wp-container-core-buttons-is-layout-1 wp-block-buttons-is-layout-flex\"><div class=\"wp-block-button\"><a class=\"wp-block-button__link wp-element-button\" href=\"https:\/\/www.bygago.com\/m\/urun\/necixs-keten-erkek-bebek-2li-takim\/\">\u015eimdi sat\u0131n al<\/a><\/div><\/div>\n<\/div><\/div><\/div>","protected":false},"excerpt":{"rendered":"","protected":false},"author":1,"featured_media":0,"parent":0,"menu_order":0,"comment_status":"closed","ping_status":"closed","template":"","meta":{"footnotes":""},"class_list":["post-30","page","type-page","status-publish","hentry"],"aioseo_notices":[],"jetpack_sharing_enabled":true,"_links":{"self":[{"href":"https:\/\/www.bygago.com\/m\/wp-json\/wp\/v2\/pages\/30"}],"collection":[{"href":"https:\/\/www.bygago.com\/m\/wp-json\/wp\/v2\/pages"}],"about":[{"href":"https:\/\/www.bygago.com\/m\/wp-json\/wp\/v2\/types\/page"}],"author":[{"embeddable":true,"href":"https:\/\/www.bygago.com\/m\/wp-json\/wp\/v2\/users\/1"}],"replies":[{"embeddable":true,"href":"https:\/\/www.bygago.com\/m\/wp-json\/wp\/v2\/comments?post=30"}],"version-history":[{"count":11,"href":"https:\/\/www.bygago.com\/m\/wp-json\/wp\/v2\/pages\/30\/revisions"}],"predecessor-version":[{"id":957,"href":"https:\/\/www.bygago.com\/m\/wp-json\/wp\/v2\/pages\/30\/revisions\/957"}],"wp:attachment":[{"href":"https:\/\/www.bygago.com\/m\/wp-json\/wp\/v2\/media?parent=30"}],"curies":[{"name":"wp","href":"https:\/\/api.w.org\/{rel}","templated":true}]}}